f 366 and r?
183
Let l = -3326 - -3423. Calculate the highest common factor of l and 3589.
97
Suppose 0 = 6*s - 11419 + 2059. Calculate the highest common divisor of s and 160.
40
Let h(n) = n**3 + 19*n**2 + n + 12. Let l be h(-12). Suppose 17*r - 10*r = l. Let f be (3 - 1)/((-3)/(-54)). Calculate the highest common factor of r and f.
36
Let c be 1373 - (0 + 6/(-4))/(91/182). Let s(q) = 3*q + 4. Let d be s(4). What is the highest common factor of d and c?
16
Let x(s) = s**3 - 10*s**2 + 11*s + 4. Let f be x(9). Let r be (-6 - -42) + (-1)/11 + (-832)/286. What is the greatest common factor of f and r?
11
Let k be 246/(-656) + 31074/48. Calculate the highest common factor of 5 and k.
1
Let q be 0 - (-8 + 8 + -5). Suppose -q*v - 4*o + 86 = -3*o, -2*v = -2*o - 32. Calculate the greatest common divisor of v and 272.
17
Suppose 0 = -14*k + 11*k + 222. What is the highest common divisor of k and 34?
2
Let j = -1094 + 1110. Let z(g) = -g**2 + 12*g - 8. Suppose -2*n = -d + 11 - 1, 43 = 5*d - 3*n. Let k be z(d). Calculate the highest common factor of j and k.
8
Suppose o - 1695 = 4*s, -o - 4*o - 1725 = 4*s. Let l be s*((3 - (-111)/(-15)) + 4). Let w = -85 + l. What is the greatest common factor of w and 17?
17
Suppose -24*y + 3417678 = 75*y. What is the greatest common factor of y and 82?
82
Let k = 38 + -22. Suppose -a + 2*t + k = 7*t, 5*a - 50 = 5*t. What is the greatest common factor of a and 2?
1
Suppose g - 4*f + 4 = -3*f, g = -5*f + 26. Suppose -3*j = -w + 14, -w - g + 6 = 0. Let l be (2 + 2)/(1*(j + 5)). What is the highest common factor of l and 16?
2
Let m = -414 + 424. Let j be (-6)/(-9)*255/m. What is the highest common divisor of 2 and j?
1
Suppose -65*y - 2 = -64*y. Let w be 10/(y - 0)*140/(-100). Calculate the greatest common divisor of w and 448.
7
Let y = -74 - 93. Let w = y + 227. Calculate the highest common factor of 45 and w.
15
Let p(i) = -5*i - 68. Let t be p(-14). Suppose 0 = 2*a - 4*a + 2, t*a + 33 = j. What is the highest common factor of 7 and j?
7
Suppose 2960 + 704 - 503 = o. Calculate the greatest common divisor of o and 29.
29
Let c = -360 - -315. Let d be (-15)/(-5) - (3 + c). What is the highest common divisor of 405 and d?
45
Let p = 201 - 153. Let u = 10 - 6. Suppose u*i = -0*i + p. Calculate the greatest common divisor of i and 48.
12
Let l = 1512 - 676. Calculate the highest common factor of l and 114.
38
Let i be (-38 + 31)/((-2)/18) - -6. Let n be (2/(-9))/(i/(-3105)). Calculate the greatest common divisor of n and 370.
10
Let p(l) = -3*l - 1. Let n be p(-4). Suppose -37 - n = -4*h. Suppose 4047 + 2658 = 201*b - 531. Calculate the greatest common divisor of h and b.
12
Suppose 152 = -5*k + 27. Let w be k/(-10)*(4 - 2). Suppose -288 = w*s - 17*s. Calculate the greatest common divisor of 8 and s.
8
Suppose 1 = l + 5*i, -2*l - 12 = -4*i - 0*i. Let h(g) = 12*g + 58. Let k be h(l). Calculate the greatest common divisor of k and 2.
2
Suppose -2673 - 91911 = -3378*q. Let x = -471 + 1157. What is the greatest common factor of x and q?
14
Suppose 107*f = 115*f - 8. Let k be (-4)/(-14) - (f - 194/7). Calculate the highest common divisor of 9 and k.
9
Suppose -17*b - 22 - 12 = 0. Let l be (55/(-165))/(b/414). What is the greatest common factor of 6 and l?
3
Suppose v + 7 = 3*z - 14, 2*z + 5*v + 3 = 0. Suppose 69 - 197 = -4*y. Suppose -2*d + y = z*d. Calculate the greatest common factor of 12 and d.
4
Suppose -9*v = 7 - 50 - 164. Calculate the highest common factor of 2944 and v.
23
Suppose 84 = p - r, 24*p - 22*p = 3*r + 162. Calculate the highest common divisor of 6230 and p.
10
Suppose 0 = -4*d - 4*c + 16, -d + 9*c = 5*c - 4. Suppose -2*g = d*y - 82, -4*g + 4*y - 2*y = -194. What is the highest common divisor of 47 and g?
47
Suppose s - 4*b - 16 = 0, -2*s + 0 = -3*b - 17. Suppose s*x - m = 1186, 19*m - 899 = -3*x + 15*m. What is the highest common factor of x and 54?
27
Let d(s) = 3*s**2 - 7*s - 9. Let z be d(-4). Suppose 5*b + 29 = -a, 40*b = 42*b + 12. Calculate the greatest common divisor of a and z.
1
Let v(a) = -3*a**2 + 126*a - 16. Let g be v(38). Let x = g - 412. Calculate the highest common factor of 56 and x.
28
Suppose -16 = -17*u + 13*u. Suppose -288 = -u*s + 64. Calculate the greatest common divisor of s and 308.
44
Suppose 3*l = -2*v + 2268, 88*l = 90*l + 4*v - 1512. Calculate the highest common divisor of 3618 and l.
54
Let n be ((-10)/(-6))/((-739)/(-2217)). Calculate the highest common divisor of n and 12005.
5
Suppose 7*b - b - 186 = 36. What is the highest common factor of 629 and b?
37
Let z be 15/20*(-1 + -3). Let x be (1 + 10/(-6))*3*z. Suppose -x*q + 139 = -137. What is the greatest common factor of q and 23?
23
Let m(q) = 6 - 3 - 37*q + q**2 + 41*q. Let r be m(12). Let p(f) = -f + 3. Let l be p(-12). What is the highest common divisor of r and l?
15
Let k = -19421 + 43901. Calculate the greatest common factor of k and 255.
255
Suppose u + l - 1292 = 0, -u = 95*l - 100*l - 1340. Calculate the highest common divisor of u and 1700.
100
Let g(q) = 215*q - 2984. Let o be g(48). Calculate the highest common divisor of o and 16.
8
Let z = -319 - -354. Let w(a) = 2*a**2 + 10*a + 22. Let b be w(13). Suppose 10*d - b = -4*d. Calculate the highest common factor of z and d.
35
Let t be 7*(-10 + 0 - -11). What is the highest common divisor of t and 441?
7
Let a(c) = -c**3 + 14*c**2 + c + 26. Let i be a(14). Suppose 0 = 2*n - i - 170. Suppose 18*h - 60 = 14*h. What is the greatest common factor of h and n?
15
Let d(a) = -17*a - 170. Suppose 4*n + 4*g + 40 = -12, n - 5*g + 13 = 0. Let r be d(n). What is the greatest common divisor of 15 and r?
3
Let n be -3 - ((-8520)/12)/2. Calculate the greatest common divisor of n and 2156.
44
Suppose -4*f - 1 = -5. Let x be f - 0 - (-17 - -7). Let u = -1637 - -1725. What is the highest common factor of u and x?
11
Let k = 76 - 53. Let u = -148 + 555. Let i = 453 - u. What is the highest common factor of k and i?
23
Suppose 59*s - 61*s = -616. Suppose 0*g = 2*g - 8. Suppose -g*z + 113 + 47 = 5*c, z - 61 = -2*c. What is the greatest common factor of c and s?
28
Suppose 3*p = -4*i - 0*i + 14, 0 = -4*p - 4*i + 16. Suppose -21 - 27 = -p*b. Suppose 51*n + 189 + 198 = 180*n. Calculate the highest common factor of b and n.
3
Let a be ((-36)/(-30))/(7/2275). What is the highest common divisor of a and 2665?
65
Suppose 2134 = -91*m + 95*m + 2*d, 2*d = -2*m + 1072. Calculate the greatest common factor of m and 413.
59
Let d(i) = 2*i**3 + 4*i**2 - 5*i - 7. Let v be d(-6). Let a = v - -325. What is the greatest common divisor of a and 36?
12
Suppose 38*f + 3456 - 11054 - 4562 = 0. What is the highest common divisor of f and 40?
40
Suppose -2*l - 9 = -117. Let v be -513*(10 + 1/((-16)/192 + 0/(-2))). What is the greatest common factor of l and v?
54
Let w(t) = -27*t - 14. Let n be 1/5*-9 - 28/140. Let f be w(n). Calculate the greatest common factor of f and 40.
40
Let a(t) = 12*t**2 + 91*t + 401. Let b be a(-23). What is the greatest common factor of 96 and b?
48
Suppose 164*p - 27 = 167*p. Let w be p/((-12)/4) - -47. Calculate the highest common divisor of 320 and w.
10
Let t(i) = i**3 + 8*i**2 - i - 8. Let x be t(-8). Suppose -4*k - 3*o + 73 = x, 0*k - 2*o + 55 = 3*k. Calculate the greatest common divisor of 304 and k.
19
Let v be (-110260)/35 + (-7)/(196/(-8)). Let b be ((-18)/10)/(54/v). Let q = -72 + b. What is the greatest common divisor of 363 and q?
33
Let g be 4/2 - (-124 - 2). Suppose -2*s + 42 = 2*w, 121*s = w + 123*s - 10. Calculate the highest common factor of w and g.
32
Suppose -2*p = -5*h + p + 688, 3*h - 5*p - 400 = 0. Let g = -1124 + 1142. Suppose -5*c + 182 = -g. Calculate the highest common divisor of h and c.
20
Suppose -5*y = -8*y + 2880. Let v = y - 470. Calculate the greatest common divisor of v and 70.
70
Let w(l) = -8 - 11 - l + 19. Let a be w(-3). Suppose 0 = -a*b + 5*z + 62, 4*z = -2*b + 6 + 6. What is the greatest common divisor of 28 and b?
14
Suppose 197 = 9*p - 91. Let i be 20*(0 + p)/4. What is the highest common factor of 96 and i?
32
Let p be (55/(-20) - -3)*56. Let n(a) = -a**2 + 18*a - 38. Let m be n(13). Let k be 1884/m + 4/(-54)*-3. Calculate the highest common factor of k and p.
14
Let f = -22 + 27. Suppose -87 = -f*l - 77. Suppose v - 171 = -l*v. Wh